. Let k = 1578 - 1550. What is the units digit of (p/k)/3 + 234/14?
7
Let s = -2067 - -4179. Suppose 5*p = 3*r + s, -4*r = p + p - 824. Suppose -g + p = 4*g. What is the units digit of g?
4
Suppose -21*z + 22*z - 9 = 0. Let b(f) = 20*f - 7. Let n be b(z). Suppose 0*o = -2*o + s + n, 0 = 2*o + 5*s - 203. What is the units digit of o?
9
Let y = -60426 - -110898. What is the units digit of y?
2
Let c = 5985 - 2677. What is the tens digit of c?
0
Suppose 85*a - 189*a = -8153288. What is the units digit of a?
7
Suppose 33*i + 150709 = 563407. What is the units digit of i?
6
Suppose 0 = -149*h + 142*h + 21014. What is the hundreds digit of h?
0
What is the tens digit of (-6 - (-737814)/(-374))*-17?
3
Let d be (-2 - 0)/(12/6681)*-6. Suppose -2201 + d = 4*q. Suppose -2*p - q = -12*p. What is the hundreds digit of p?
1
Let l be (-2180)/(-14) - (-6)/21. Suppose 0 = -8*b + 3412 - l. Suppose 6*n - 127 = b. What is the units digit of n?
9
What is the units digit of 1008810/25 - 4*2*(-4)/(-80)?
2
Suppose 0 = v + x + 165, v - 10*x + 157 = -9*x. Let t = v + 1447. What is the hundreds digit of t?
2
Suppose -4033 = -2*o + 8017. What is the units digit of o?
5
Let d(o) = -4300*o - 3475. What is the ten thousands digit of d(-7)?
2
Suppose -6*l = 927 - 2373. Let a = 64 - l. What is the tens digit of a*6/8*(-64)/72?
1
Suppose -5*y = g - 0*y - 16, 4*g - 5*y + 36 = 0. Let w(o) = o**2 + 9*o + 23. Let b be w(g). What is the units digit of 0/1 - 0 - (b + -19)?
6
Let t(g) = g**2 - 9*g + 22. Let v be t(7). Let l(s) be the second derivative of -s**5/20 + 3*s**4/4 - s**3 + 3*s**2 + 37*s. What is the units digit of l(v)?
2
Let j be (756/(-35))/(-9) + 8/(-20). What is the tens digit of (-21)/j*70/(-15)?
4
Suppose 16*s + 8*s = 17472. Suppose 0 = -5*c + 3*w + 2149 - s, -5*c = w - 1413. What is the hundreds digit of c?
2
Let h(f) = -23 + 16 + f - 8. Let x be h(18). What is the tens digit of (x - 43)*(42/(-10) - -1)?
2
Let b = -9 + 3. Let p be 1*15*b/(-30). Suppose -326 = -p*j + 133. What is the tens digit of j?
5
Suppose s - 4*y = 106, 2*s - 6*s - 4*y = -364. Let x = s - 98. What is the hundreds digit of 7/x*(97/(-1) - 3)?
1
What is the thousands digit of ((-105)/40 - -2)*-948*2?
1
Suppose y = 5*y - 2440. Suppose -5*d - 845 = -4*r, -5*r - 3*d + y = -437. Suppose 0 = -5*m - 5*v + r, -m = -0*m + 3*v - 48. What is the units digit of m?
9
Suppose -6*v + 18295 - 1615 = 0. What is the tens digit of v?
8
Let s(c) = 2*c - 2*c + 12*c + 195 - 2*c. What is the hundreds digit of s(6)?
2
Let d(q) = q**3 + 7*q**2 - 12*q - 4. Let s(u) = 2*u**2 - 2*u - 4. Let z be s(2). Suppose z*r = 5*j - r + 41, 4*j + 5*r = -27. What is the units digit of d(j)?
8
Let k(p) = p**2 - 11*p - 49. Let m be k(14). Let b(i) = -83*i - 69. What is the tens digit of b(m)?
1
Let b = -20 + 64. Let q(l) = -l**2 + 24*l - 128. Let s be q(18). Let p = b + s. What is the units digit of p?
4
Suppose 3*o = -o. Let f = -38 + 186. Suppose 3*w = 4*y + f, o*w = 3*w + y - 128. What is the units digit of w?
4
Let w be -1 + -2 + (7 - 2). Let j be (2706/12 - 1) + 1/(-2). Suppose -116 + 3 = -n - h, w*n + h - j = 0. What is the tens digit of n?
1
What is the ten thousands digit of ((-2)/(-26) - (-42)/(-39))*(-27822)/2?
1
Suppose -3*p - h = 30, 0 = -5*p - 3*h - 2*h - 60. Let z be 2 - 1/p*3*3. Suppose 3*j + j - 3*x = 495, x = -z*j + 368. What is the hundreds digit of j?
1
Let y = -1087 + 2100. Suppose -4843 = -5*b - y. What is the tens digit of b?
6
Let q(a) = 6*a + 78. Let j be q(-10). Suppose 4*f - 1430 = -2*u, j*f - 20*f - 707 = -u. What is the units digit of u?
1
Let v(z) = -z**3 + 4*z + 74. Let u be 12/27 + 94/(-9). What is the tens digit of v(u)?
3
Let b = -10935 - -38873. What is the hundreds digit of b?
9
Let i = 7444 - -10955. What is the units digit of i?
9
Suppose 1183*f - 1162*f - 44583 = 0. What is the tens digit of f?
2
Suppose -6 = -2*c + k, -3*c = -5*c - k + 10. Suppose 0 = n + 3*d - 987, -806 = -n + c*d + 167. What is the hundreds digit of n?
9
Let x(f) = -f**2 + 30*f + 45. Let j = 47 + -27. What is the units digit of x(j)?
5
Let x(u) = -843*u - 260*u + 11 + 4 + 6 - 8. What is the tens digit of x(-1)?
1
Let c = -2827 - -3587. What is the units digit of c?
0
Let u(j) = -8*j - 153. Let g be u(-22). Suppose -8359 = g*w - 41226. What is the thousands digit of w?
1
Suppose 9*b + 50025 = a, 75*b + 50095 = a + 80*b. What is the ten thousands digit of a?
5
Suppose o = -k + 3*o + 3654, -5*o = k - 3640. Suppose -359*j = -354*j - k. What is the tens digit of j?
3
Let j be ((-172)/301)/(2/(-7)). What is the units digit of 1/j - 1003/(-34)?
0
Let l be (-14)/(-4)*(3 - 1). Suppose -18*h + 708 = -6970 - 8450. Suppose -d = l*d - h. What is the units digit of d?
2
Let l be (-4)/(-7) + (-646)/(-266). Suppose -2045 = -l*k - 4*v, 0 = 3*k + k - 4*v - 2736. What is the units digit of k?
3
Suppose -z - 43 = -5*a, 5*a - 46 = -11*z + 13*z. What is the tens digit of ((-63)/6 + a)*-482?
0
Let l(m) = m**2 - 11*m - 3. Let i be l(6). Let d(r) = 3*r + 94. Let q be d(i). Let j(f) = -f**3 - 5*f**2 + 3. What is the units digit of j(q)?
3
Let w = -535 + 519. What is the thousands digit of (52065/260)/(13/w - -1)?
1
Suppose 38 = 4*b - 3*q, q - 6 = -b - 0*b. What is the units digit of b + -9 - (-81 - -1)?
9
Let c(m) be the first derivative of m**4/12 + 13*m**3/6 + 37*m**2/2 + 15*m + 17. Let a(u) be the first derivative of c(u). What is the units digit of a(-14)?
1
Let u(r) = 22*r + 51 + 28 + 10. What is the tens digit of u(25)?
3
Suppose -610 = -2*y + 4*d, -3*d + 0 - 12 = 0. Suppose 42*n - 43*n - 98 = w, 3*w = 5*n + 426. Let f = n + y. What is the tens digit of f?
0
Let u(d) = -d**3 + 12*d**2 + 22*d - 1. Let n be u(10). Let r = n - 238. What is the units digit of r?
1
Let a = 15685 - 9259. What is the hundreds digit of a?
4
What is the units digit of ((-11195)/3)/(21242/(-624) + 34)?
0
Let z(r) = 4*r**3 - 2*r**3 + 11*r + 6*r - 4*r**2 - r**3 - 19. What is the hundreds digit of z(8)?
3
Let v be -36*(26/182 + (-11)/28). Suppose -v*u + 8*u = -608. What is the hundreds digit of u?
6
What is the units digit of (-6269)/(-2 + (-169)/(-91))?
3
Suppose 4*u - 140 - 92 = 3*d, 174 = 3*u + 5*d. Let x = -55 + u. Suppose -2*p + 0*p + 317 = -x*n, 3 = n. What is the hundreds digit of p?
1
Let w = 3 - 37. Let a = -30 - w. Suppose -4*b - 288 = -a*g, 2*b + 0*b - 339 = -5*g. What is the tens digit of g?
6
Let z = 17441 - 9639. What is the thousands digit of z?
7
Let f(h) be the first derivative of -15*h**2 + 27*h - 67. What is the hundreds digit of f(-9)?
2
What is the hundreds digit of (-9541)/(-6) - (-89)/(-534)?
5
Suppose -z - 5 + 5 = 2*n, -3*z = 0. Suppose 5*r - 522 - 2923 = n. What is the units digit of r?
9
Let w be -41*6/(0 - -6). Let i = 291 - w. Suppose 10*o = 1138 + i. What is the tens digit of o?
4
Suppose 28*x + d - 37013 = 24*x, -x + 9257 = -d. What is the thousands digit of x?
9
Let y = 1 + -1. Suppose -6*p + 3 = -27. Suppose -4*k - p*z + 427 = y, -4 = -5*z + 11. What is the units digit of k?
3
Let t(v) = 8*v - 17. Let f be t(8). Suppose -9*z = -10*z + f. What is the units digit of z?
7
Let m be (22/(-3))/(-4*(-2)/2940). Let q = m - -4209. What is the hundreds digit of q?
5
Let u(f) = -6*f + 63. Let z be u(11). Let i(o) = -o**3 - 4*o**2 - o + 5. Let c be i(z). What is the tens digit of c + 79/1*1?
7
Let n = 209 + -203. Suppose -315 = 4*g - n*g - 5*s, -2*s = -2. What is the hundreds digit of g?
1
Let m = 7654 + 8579. What is the ten thousands digit of m?
1
Let w(g) = 49*g**3 + 17*g**2 - 13*g - 2. What is the units digit of w(4)?
4
Let l(v) = -4*v**2 - 52*v - 19. Let u(t) = -2*t**2 - 25*t - 9. Let r(n) = -4*l(n) + 7*u(n). What is the tens digit of r(10)?
4
Let x = 55683 - 5974. What is the hundreds digit of x?
7
Let c be 2332/28 + 6/(-21). Let f = 163 + c. What is the hundreds digit of f?
2
Let j be 2 + (2*-3)/(14 - 16). Suppose -2*k = -j*w - 862, -8*w = 2*k - 9*w - 870. What is the tens digit of k?
3
Let y = 84 + -452. Let v = -262 - y. What is the tens digit of v?
0
Let w(f) = -9*f + 47. Let z be w(-9). What is the hundreds digit of (-918)/(-24)*z/12?
4
Let s = -3 - 17. Let v = -7 - s. Suppose 0 = -v*o + 5*o + 632. What is the tens digit of o?
7
Suppose 0 = u + 3*r - 573 - 2215, 3*r = 6*u - 16791. What is the hundreds digit of u?
7
Let r be (-63)/6*132/(-6). Suppo